{"id":93240,"date":"2023-07-17T08:47:02","date_gmt":"2023-07-17T08:47:02","guid":{"rendered":"https:\/\/carwavemadeira.com\/place\/jardim-botanico-madeira\/"},"modified":"2025-09-07T00:41:56","modified_gmt":"2025-09-07T00:41:56","slug":"jardim-botanico-madeira","status":"publish","type":"place","link":"https:\/\/carwavemadeira.com\/pt-pt\/place\/jardim-botanico-madeira\/","title":{"rendered":"Jardim Bot\u00e2nico Madeira"},"content":{"rendered":"\n<p>Aninhado entre as graciosas colinas da Madeira, o Jardim Bot\u00e2nico convida-te a mergulhar num mundo de maravilhas bot\u00e2nicas. Este jardim funciona como um santu\u00e1rio para os entusiastas da natureza, ostentando uma extraordin\u00e1ria cole\u00e7\u00e3o de esp\u00e9cies de plantas raras e ex\u00f3ticas de todos os cantos do mundo. <\/p>\n\n<p>Enquanto passeia pelos seus encantadores caminhos, prepara-te para te deixares cativar por uma deslumbrante variedade de flores vibrantes, \u00e1rvores majestosas e variedades de plantas t\u00e3o raras que n\u00e3o se encontram em mais nenhum lugar da ilha. O desenho meticuloso do Jardim Bot\u00e2nico mostra a rica biodiversidade da Madeira, criando um banquete visual e educacional para os teus sentidos. <\/p>\n\n<p>Sabias que algumas das esp\u00e9cies de plantas aqui presentes s\u00e3o consideradas &#8220;f\u00f3sseis vivos&#8221;, tendo existido praticamente inalteradas durante milh\u00f5es de anos? \u00c9 uma enciclop\u00e9dia viva da hist\u00f3ria da bot\u00e2nica. <\/p>\n\n<p>Tem em aten\u00e7\u00e3o que o Jardim Bot\u00e2nico tem uma taxa de entrada, embora seja um investimento v\u00e1lido que contribui para a preserva\u00e7\u00e3o destes raros tesouros bot\u00e2nicos e para a continua\u00e7\u00e3o de investiga\u00e7\u00e3o inovadora.<\/p>\n\n<p>Mas o Jardim Bot\u00e2nico \u00e9 mais do que um simples jardim, \u00e9 uma viagem educativa ao reino das plantas que se adaptaram e prosperaram neste ambiente \u00fanico da ilha. Placas informativas e visitas guiadas oferecem-te uma vis\u00e3o fascinante sobre estas esp\u00e9cies intrincadas e por vezes esquivas e a sua import\u00e2ncia ecol\u00f3gica. <\/p>\n\n<p>Situado num ponto elevado, o jardim oferece uma vista deslumbrante sobre o Funchal e a extens\u00e3o cintilante do Oceano Atl\u00e2ntico. \u00c9 o local perfeito para mergulhar na beleza da natureza, reconectar-se com o mundo natural e saborear um piquenique rodeado por estes esp\u00e9cimes raros e imaculados. <\/p>\n\n<p>Para melhorar a tua experi\u00eancia, est\u00e1 dispon\u00edvel estacionamento gratuito nas imedia\u00e7\u00f5es do parque, tornando-o ainda mais acess\u00edvel para a tua visita.<\/p>\n\n<p>Quer procures uma aprecia\u00e7\u00e3o mais profunda das maravilhas da natureza, uma aventura educativa, ou simplesmente momentos de beleza inspiradora, o Jardim Bot\u00e2nico garante que partir\u00e1s com mem\u00f3rias acarinhadas da extraordin\u00e1ria vida vegetal da Madeira.<\/p>\n\n<p>Embarca nesta odisseia bot\u00e2nica, consulta os nossos mapas para obteres indica\u00e7\u00f5es precisas e aproveita ao m\u00e1ximo a tua visita ao Jardim Bot\u00e2nico.<\/p>\n","protected":false},"featured_media":93105,"parent":0,"template":"","location":[141],"type-of-place":[148],"class_list":["post-93240","place","type-place","status-publish","has-post-thumbnail","hentry","location-funchal","type-of-place-jardim"],"acf":[],"_links":{"self":[{"href":"https:\/\/carwavemadeira.com\/pt-pt\/wp-json\/wp\/v2\/place\/93240","targetHints":{"allow":["GET"]}}],"collection":[{"href":"https:\/\/carwavemadeira.com\/pt-pt\/wp-json\/wp\/v2\/place"}],"about":[{"href":"https:\/\/carwavemadeira.com\/pt-pt\/wp-json\/wp\/v2\/types\/place"}],"version-history":[{"count":1,"href":"https:\/\/carwavemadeira.com\/pt-pt\/wp-json\/wp\/v2\/place\/93240\/revisions"}],"predecessor-version":[{"id":93245,"href":"https:\/\/carwavemadeira.com\/pt-pt\/wp-json\/wp\/v2\/place\/93240\/revisions\/93245"}],"wp:featuredmedia":[{"embeddable":true,"href":"https:\/\/carwavemadeira.com\/pt-pt\/wp-json\/wp\/v2\/media\/93105"}],"wp:attachment":[{"href":"https:\/\/carwavemadeira.com\/pt-pt\/wp-json\/wp\/v2\/media?parent=93240"}],"wp:term":[{"taxonomy":"location","embeddable":true,"href":"https:\/\/carwavemadeira.com\/pt-pt\/wp-json\/wp\/v2\/location?post=93240"},{"taxonomy":"type-of-place","embeddable":true,"href":"https:\/\/carwavemadeira.com\/pt-pt\/wp-json\/wp\/v2\/type-of-place?post=93240"}],"curies":[{"name":"wp","href":"https:\/\/api.w.org\/{rel}","templated":true}]}}

Jardim Botânico Madeira

<p>Aninhado entre as graciosas colinas da Madeira, o Jardim Botânico convida-te a mergulhar num mundo de maravilhas botânicas. Este jardim funciona como um santuário para os entusiastas da natureza, ostentando uma extraordinária coleção de espécies de plantas raras e exóticas de todos os cantos do mundo. </p>

<p>Enquanto passeia pelos seus encantadores caminhos, prepara-te para te deixares cativar por uma deslumbrante variedade de flores vibrantes, árvores majestosas e variedades de plantas tão raras que não se encontram em mais nenhum lugar da ilha. O desenho meticuloso do Jardim Botânico mostra a rica biodiversidade da Madeira, criando um banquete visual e educacional para os teus sentidos. </p>

<p>Sabias que algumas das espécies de plantas aqui presentes são consideradas &#8220;fósseis vivos&#8221;, tendo existido praticamente inalteradas durante milhões de anos? É uma enciclopédia viva da história da botânica. </p>

<p>Tem em atenção que o Jardim Botânico tem uma taxa de entrada, embora seja um investimento válido que contribui para a preservação destes raros tesouros botânicos e para a continuação de investigação inovadora.</p>

<p>Mas o Jardim Botânico é mais do que um simples jardim, é uma viagem educativa ao reino das plantas que se adaptaram e prosperaram neste ambiente único da ilha. Placas informativas e visitas guiadas oferecem-te uma visão fascinante sobre estas espécies intrincadas e por vezes esquivas e a sua importância ecológica. </p>

<p>Situado num ponto elevado, o jardim oferece uma vista deslumbrante sobre o Funchal e a extensão cintilante do Oceano Atlântico. É o local perfeito para mergulhar na beleza da natureza, reconectar-se com o mundo natural e saborear um piquenique rodeado por estes espécimes raros e imaculados. </p>

<p>Para melhorar a tua experiência, está disponível estacionamento gratuito nas imediações do parque, tornando-o ainda mais acessível para a tua visita.</p>

<p>Quer procures uma apreciação mais profunda das maravilhas da natureza, uma aventura educativa, ou simplesmente momentos de beleza inspiradora, o Jardim Botânico garante que partirás com memórias acarinhadas da extraordinária vida vegetal da Madeira.</p>

<p>Embarca nesta odisseia botânica, consulta os nossos mapas para obteres indicações precisas e aproveita ao máximo a tua visita ao Jardim Botânico.</p>
