{"id":93213,"date":"2023-11-28T20:16:11","date_gmt":"2023-11-28T20:16:11","guid":{"rendered":"https:\/\/carwavemadeira.com\/place\/praia-do-seixal\/"},"modified":"2025-09-07T00:44:42","modified_gmt":"2025-09-07T00:44:42","slug":"praia-do-seixal","status":"publish","type":"place","link":"https:\/\/carwavemadeira.com\/pt-pt\/place\/praia-do-seixal\/","title":{"rendered":"Praia do Seixal"},"content":{"rendered":"\n<p>Mergulha no fasc\u00ednio da Praia do Seixal, a joia escondida da Ilha da Madeira com uma praia de areia preta \u00fanica que ir\u00e1 certamente redefinir a tua escapadela costeira. Com a Carwave como tua fiel companheira de viagem, vamos embarcar numa viagem a um para\u00edso \u00e0 beira-mar como nenhum outro. <\/p>\n\n<p>Escondida ao longo da pitoresca costa da ilha, a Praia do Seixal convida-te a experimentar a beleza n\u00e3o convencional da sua areia preta vulc\u00e2nica. Imagina-te a passear ao longo da costa, o contraste distinto da areia escura com o azul do oceano a criar um cen\u00e1rio cativante para a tua aventura costeira. <\/p>\n\n<p>A Carwave assegura que a tua viagem at\u00e9 \u00e0 Praia do Seixal n\u00e3o \u00e9 apenas uma quest\u00e3o de chegar a um destino; \u00e9 uma quest\u00e3o de mergulhar no extraordin\u00e1rio. Sente a emo\u00e7\u00e3o da condu\u00e7\u00e3o \u00e0 medida que te aproximas desta praia escondida, a tua expetativa aumenta a cada curva. <\/p>\n\n<p>A Praia do Seixal n\u00e3o \u00e9 apenas uma praia; \u00e9 um santu\u00e1rio para quem procura tranquilidade e maravilhas naturais. \u00c0 medida que as ondas batem contra a distinta costa negra, encontrar\u00e1s o local perfeito para relaxar e descontrair. Com a Carwave ao teu servi\u00e7o, podes passar sem esfor\u00e7o da estrada para o ref\u00fagio tranquilo da Praia do Seixal.  <\/p>\n\n<p>Esta praia n\u00e3o \u00e9 apenas sol e areia, \u00e9 uma porta de entrada para a explora\u00e7\u00e3o. Com o teu passeio de Carwave, aventura-te na encantadora vila do Seixal, onde o charme e a hospitalidade local te esperam. Explora as atrac\u00e7\u00f5es das redondezas, saboreia os sabores locais nos caf\u00e9s \u00e0 beira-mar e testemunha a beleza que define o estilo de vida costeiro da Madeira.  <\/p>\n\n<p>E aqui est\u00e1 a melhor parte &#8211; com a Carwave, encontrar o teu caminho para a Praia do Seixal \u00e9 muito f\u00e1cil. O nosso mapa guia-te sem problemas at\u00e9 este para\u00edso escondido, assegurando que a tua viagem \u00e9 t\u00e3o suave como as areias vulc\u00e2nicas que te esperam. <\/p>\n\n<p>Leva o teu sentido de aventura, mergulha na beleza \u00fanica da Praia do Seixal e deixa que a Carwave seja o teu bilhete para uma extraordin\u00e1ria escapadela costeira na Ilha da Madeira.<\/p>\n","protected":false},"featured_media":93214,"parent":0,"template":"","location":[146],"type-of-place":[142],"class_list":["post-93213","place","type-place","status-publish","has-post-thumbnail","hentry","location-porto-moniz","type-of-place-praia"],"acf":[],"_links":{"self":[{"href":"https:\/\/carwavemadeira.com\/pt-pt\/wp-json\/wp\/v2\/place\/93213","targetHints":{"allow":["GET"]}}],"collection":[{"href":"https:\/\/carwavemadeira.com\/pt-pt\/wp-json\/wp\/v2\/place"}],"about":[{"href":"https:\/\/carwavemadeira.com\/pt-pt\/wp-json\/wp\/v2\/types\/place"}],"version-history":[{"count":1,"href":"https:\/\/carwavemadeira.com\/pt-pt\/wp-json\/wp\/v2\/place\/93213\/revisions"}],"predecessor-version":[{"id":93216,"href":"https:\/\/carwavemadeira.com\/pt-pt\/wp-json\/wp\/v2\/place\/93213\/revisions\/93216"}],"wp:featuredmedia":[{"embeddable":true,"href":"https:\/\/carwavemadeira.com\/pt-pt\/wp-json\/wp\/v2\/media\/93214"}],"wp:attachment":[{"href":"https:\/\/carwavemadeira.com\/pt-pt\/wp-json\/wp\/v2\/media?parent=93213"}],"wp:term":[{"taxonomy":"location","embeddable":true,"href":"https:\/\/carwavemadeira.com\/pt-pt\/wp-json\/wp\/v2\/location?post=93213"},{"taxonomy":"type-of-place","embeddable":true,"href":"https:\/\/carwavemadeira.com\/pt-pt\/wp-json\/wp\/v2\/type-of-place?post=93213"}],"curies":[{"name":"wp","href":"https:\/\/api.w.org\/{rel}","templated":true}]}}

<p>Mergulha no fascínio da Praia do Seixal, a joia escondida da Ilha da Madeira com uma praia de areia preta única que irá certamente redefinir a tua escapadela costeira. Com a Carwave como tua fiel companheira de viagem, vamos embarcar numa viagem a um paraíso à beira-mar como nenhum outro. </p>

<p>Escondida ao longo da pitoresca costa da ilha, a Praia do Seixal convida-te a experimentar a beleza não convencional da sua areia preta vulcânica. Imagina-te a passear ao longo da costa, o contraste distinto da areia escura com o azul do oceano a criar um cenário cativante para a tua aventura costeira. </p>

<p>A Carwave assegura que a tua viagem até à Praia do Seixal não é apenas uma questão de chegar a um destino; é uma questão de mergulhar no extraordinário. Sente a emoção da condução à medida que te aproximas desta praia escondida, a tua expetativa aumenta a cada curva. </p>

<p>A Praia do Seixal não é apenas uma praia; é um santuário para quem procura tranquilidade e maravilhas naturais. À medida que as ondas batem contra a distinta costa negra, encontrarás o local perfeito para relaxar e descontrair. Com a Carwave ao teu serviço, podes passar sem esforço da estrada para o refúgio tranquilo da Praia do Seixal.  </p>

<p>Esta praia não é apenas sol e areia, é uma porta de entrada para a exploração. Com o teu passeio de Carwave, aventura-te na encantadora vila do Seixal, onde o charme e a hospitalidade local te esperam. Explora as atracções das redondezas, saboreia os sabores locais nos cafés à beira-mar e testemunha a beleza que define o estilo de vida costeiro da Madeira.  </p>

<p>E aqui está a melhor parte &#8211; com a Carwave, encontrar o teu caminho para a Praia do Seixal é muito fácil. O nosso mapa guia-te sem problemas até este paraíso escondido, assegurando que a tua viagem é tão suave como as areias vulcânicas que te esperam. </p>

<p>Leva o teu sentido de aventura, mergulha na beleza única da Praia do Seixal e deixa que a Carwave seja o teu bilhete para uma extraordinária escapadela costeira na Ilha da Madeira.</p>
